17. Let w be i(-12). List the prime factors of 5/(-20) - w/(-4).
2, 5
Suppose 0 = 9*v - 5*v - 24. List the prime factors of 31 - (4 + 0 - v).
3, 11
Let p = -167 + 245. Let g = p - 55. List the prime factors of g.
23
Suppose -2*f + 5*f - 18 = 0. Let q = f - 4. Suppose 3*w = -3*k - 2*w + 46, -5*k + 64 = q*w. What are the prime factors of k?
2, 3
Suppose -3*q + 25 = 2*q. Suppose y = 4*l - 0*l - 56, -4*l + q*y = -72. Suppose 3*o = 5 + l. List the prime factors of o.
2, 3
Let c(m) = -3*m - 5*m + 2*m**2 + 3 - 2 - m. Suppose 2*u - 7 = 5. What are the prime factors of c(u)?
19
Suppose -u - 2*b + 304 = 2*u, 0 = 3*u - b - 316. What are the prime factors of u?
2, 13
Let w(u) = -u**2 + 8*u + 2. Suppose 21 = -0*a + 3*a. What are the prime factors of w(a)?
3
Let d = 8 - 13. What are the prime factors of (-1 - 3)*d - -2?
2, 11
Let v(x) = 2*x + 1. What are the prime factors of v(5)?
11
Let z = 87 - 41. Let f = z - 32. What are the prime factors of f?
2, 7
Let a(i) = i. Let l(n) = -n + 1. Let o(k) = a(k) + 5*l(k). What are the prime factors of o(-4)?
3, 7
Let j = -4 + 7. Suppose -3 = -j*i + 3. Suppose 2*q = -2*q + 4, -i*f + 31 = -5*q. What are the prime factors of f?
2, 3
Let v be -22 + 3 + -6 + 5. Let d = v + 71. List the prime factors of d.
3, 17
Suppose 110 = 5*b + 5*p, 0 = -2*b + 3*p - 2*p + 32. Suppose t = -t + b. Suppose 0 = 2*x - t - 3. List the prime factors of x.
2, 3
Let a = 5 + 0. Suppose -2*j + 19 = -4*c - 17, a*j - 35 = -c. What are the prime factors of j?
2
Let d = 420 - 290. Suppose r = 0, -r + d + 25 = 5*t. List the prime factors of t.
31
Let f be 1 - 3*6/9. Let y = f + 8. Suppose 0 = -5*s + 2 - y, 0 = 4*g - 4*s - 52. What are the prime factors of g?
2, 3
Suppose q = 2*c - 3*q + 144, -2*c - 5*q - 99 = 0. What are the prime factors of 2*(2 - c/4)?
5, 7
Let d(w) = -w**2 - 1. Let i(l) = -5*l**2 - 8*l - 1. Let a(s) = -4*d(s) + i(s). List the prime factors of a(-6).
3, 5
Let d = 0 + -1. Suppose -a - 4 = -2*a. Let r = a + d. What are the prime factors of r?
3
Let h be -1 + (5 - 2) - -12. Let x be (1 - h)*(-1 + -1). Suppose -4*o - b + 52 = 2*b, -2*o - b + x = 0. List the prime factors of o.
13
Let i(f) = -f + 5. Let d be i(7). Let g(j) = -2*j**3 - j**2 + 2*j - 1. List the prime factors of g(d).
7
Suppose -z = -9 + 5. List the prime factors of z/22 + (-84)/(-22).
2
Suppose -2*a + 74 = -k, 0 = a + 4*k - 2*k - 37. List the prime factors of a.
37
Let b be (-4)/10 + 12/5. Suppose -b*f = 118 + 116. What are the prime factors of f/(-6) + 4/(-8)?
19
Suppose 540 = j + 4*j. Suppose t = 6*t - 20, -4*b - t = -j. What are the prime factors of b?
2, 13
Suppose s = -k + 215, -4*k + 3*s + 336 = -503. What are the prime factors of k?
2, 53
Let n = 17 + -12. Suppose -n*d + y + 19 = 0, 4*y + 22 = 6*d - 4*d. What are the prime factors of d?
3
What are the prime factors of 8/20 - (-466)/10?
47
Suppose -122 = -5*f + 398. List the prime factors of f.
2, 13
Let i(j) = -j - 7. Let z be i(-13). Suppose 4*s - z*s + 94 = 0. List the prime factors of s.
47
Let x(n) = n**3 + 4*n**2 + 3*n - 3. Let u be x(-3). Let v be (-1 - 0)/(u/12). Let l = 4 + v. What are the prime factors of l?
2
Suppose -5*x + 3 = 13. What are the prime factors of 333/(-27)*6/x?
37
Let v = -8 - -12. Suppose 1 = i, i - 80 = -v*l - 3*i. What are the prime factors of l?
19
Let u be (-3 + 2)/(1/(-3)). Suppose h + u = -2*h. List the prime factors of h/2 - (-13)/2.
2, 3
Suppose 0 = -3*z - v + 20, 4*v + 2 = 2*z - 2. Suppose -21 = -3*i + 3*x - z*x, -5*i + 5*x + 55 = 0. What are the prime factors of i?
3
Let q(i) = i**3 - 4*i**2 + 4*i - 1. Let r be q(3). Let b be -1 + 0 + 0 + r. Suppose -5*v + 9 = -b. List the prime factors of v.
2
Suppose 25 = -2*s + 7*s. Let z(d) = 2*d - 7. What are the prime factors of z(s)?
3
Suppose -k + 2*s + 12 = -s, 8 = -4*s. What are the prime factors of k?
2, 3
Suppose -2*y - 6 = 0, 184 = 5*w - 3*y + 60. List the prime factors of w.
23
Let x(t) = t**2 - 4*t - 2. Let w be x(4). Let g be 4 - (w + (-2 - -5)). Suppose -2*i = -g*i - 3, 5*a - 52 = -i. List the prime factors of a.
11
Let h(j) be the second derivative of -j**4/12 + 13*j**3/6 + 2*j**2 + 3*j. List the prime factors of h(11).
2, 13
Suppose 0 = 3*g - s + 20, 4 + 0 = g + 5*s. Let v = g + 2. Let n = 1 - v. List the prime factors of n.
5
List the prime factors of (-3 - -6)/((-6)/(-52)).
2, 13
Suppose d - 52 = -3*d. List the prime factors of d.
13
Let n be 12/(-2*2/(-2)). Let s(q) = q**2 - 4*q + 5. List the prime factors of s(n).
17
Suppose 8*a = -628 + 1836. What are the prime factors of a?
151
Let s = -13 + 7. Let t = s - -9. List the prime factors of t.
3
Let r be 5/(5/(-2)) - -2. Suppose 5*k - 32 = 2*x, -k + r*k = x - 12. What are the prime factors of k?
2
Suppose -4*l = w - 12, 0 = 5*l - 2*w - 2*w - 15. Suppose 2*b = -3*r + 14, r + 4*b - 20 = -l*r. List the prime factors of r.
2
Let w(i) = 5*i + 16. Let y be ((-14)/3)/(22/(-33)). List the prime factors of w(y).
3, 17
Let y(u) = u**2 + 6*u - 5. Suppose -14 = 4*g + 14. Let i be y(g). Suppose -v + 5*j - 19 = -2, 4*v - i*j = 22. What are the prime factors of v?
2
Let t be (4/6)/((-10)/(-165)). Let y = t - 15. What are the prime factors of 2/y - (-5)/2?
2
Suppose -5*y = 3*w + 38, -2*y - y + 12 = -4*w. Let a = -3 - w. List the prime factors of a.
3
Suppose 2 = -5*l + 4*l. What are the prime factors of 27*1/(-6)*l?
3
Let x(k) be the third derivative of k**4/8 - k**3/2 - k**2. Let u be x(4). Let d = 24 - u. List the prime factors of d.
3, 5
Suppose 4*f + 3*b - 9 = 0, 3*f = -2*f - 5*b + 5. Suppose 5*s + f = n - 0*s, -n - s = -12. List the prime factors of n.
11
Suppose -2*o + 4 = -4*j - 0*o, -o = -5*j - 2. Let d be (4 - -1)*(-2 + 5). Suppose -2*l + d = z, 4*l + j*z + z = 29. What are the prime factors of l?
7
Suppose 0 = -4*i - 4, 0*s - s + 5*i + 8 = 0. Suppose s*p = 2*z + 1 + 3, 0 = -5*p + 4*z + 4. What are the prime factors of p?
2
Let y(n) be the third derivative of 1/30*n**5 + 2*n**2 + 0 + 2/3*n**3 + 1/4*n**4 + 0*n. List the prime factors of y(-4).
2, 3
Suppose 4*g - 2*y = -0*g + 16, -g + 5*y + 22 = 0. Suppose 4*b - g*k = 168, 3*b = -0*b + 5*k + 112. What are the prime factors of b?
2, 11
Suppose -h + 0 - 4 = -4*w, 3*h - 10 = w. Let k = h - 2. What are the prime factors of k?
2
What are the prime factors of (-27)/6*(1 - 3)?
3
List the prime factors of -2 - (-7)/3 - 1841/(-21).
2, 11
Suppose g = -2*g - 30. Let x(z) = 9*z + 13. Let j(f) = 4*f + 6. Let c(k) = -7*j(k) + 3*x(k). List the prime factors of c(g).
7
Let c be 12/(-18) + (-34)/(-6). Suppose -c*m + 2*d = -16, -m = -3*d + 1 + 1. What are the prime factors of m?
2
Suppose 3*d + 2*j - 7 = 0, -3*j = 3 - 0. List the prime factors of (6/d)/((-4)/(-22)).
11
Suppose 3*g = 86 + 31. Suppose 5*b + f - 246 = -g, -b - 4*f = -49. List the prime factors of b.
41
Let s = -3 - -1. Let a = s + -4. Let c(j) = -2*j - 8. What are the prime factors of c(a)?
2
List the prime factors of 20/((-8)/(-2)) - -217.
2, 3, 37
Let f = 38 - 32. List the prime factors of f.
2, 3
Let m(u) = -u**3 - 6*u**2 - 5*u - 5. Let k be m(-5). Let c be (2/k)/(1/(-15)). Suppose c = 2*l - 2. List the prime factors of l.
2
Let z(b) = 6*b**2 - 2*b - 1. Let n be z(-1). Suppose n*p - 2*p = -2*j - 14, 2*p = -8. Suppose -h + 15 = d, 5*h - 42 = -2*d - j. What are the prime factors of d?
2, 3
List the prime factors of (-2)/(-3)*888/16.
37
Let v be 4/(-7)*(-7)/2. List the prime factors of (v + -2)/(-2) - -14.
2, 7
Suppose l - 4*l = 5*b - 387, 73 = b + 5*l. What are the prime factors of b?
2, 3, 13
Suppose 8*t + 5*s = 3*t + 125, 0 = s + 5. What are the prime factors of t?
2, 3, 5
Let p be (-9)/6 + (-18)/(-4). Suppose -p*k = -5*k + 34. Suppose 4*g + 5*f = k + 25, 2*g = 4*f + 34. List the prime factors of g.
13
Let r be ((-2)/3)/((-2)/9). Let f(a) = -3*a**2 + 2*a**r + a + 2*a**2 + a - 1. What are the prime factors of f(1)?
2
Suppose 24*g + 384 = 26*g. What are the prime factors of g?
2, 3
Suppose 145 = -5*j - 3*l, 4*l - 1 = j + 5. Let a = 43 + j. What are the prime factors of a?
17
Let v be (-4)/12 - 38/(-6). Suppose m = v + 6. What are the prime factors of m?
2, 3
Let p be ((-2)/(-6))/((-2)/(-60)). Suppose p*l = 5*l + 95. What are the prime factors of l?
19
Suppose 1 = -4*x - 3*t, 3*x + 5*t + 7 = -2. Suppose 0*k = k - x. List the prime factors of k.
2
Let p = 15 - -13. Let k = 28 + p. Suppos